{"id":622,"date":"2018-05-18T14:35:01","date_gmt":"2018-05-18T12:35:01","guid":{"rendered":"http:\/\/www.anderl.org\/?page_id=622"},"modified":"2019-10-08T07:09:23","modified_gmt":"2019-10-08T05:09:23","slug":"impressum","status":"publish","type":"page","link":"https:\/\/www.anderl.or.at\/?page_id=622","title":{"rendered":"Impressum"},"content":{"rendered":"<p><\/p>\n<h3 id=\"dsg-general-controller\">Verantwortlicher<\/h3>\n<p><span class=\"tsmcontroller\">Bernhard Morell<br \/>\nErika-Cremer-Str. 11<br \/>\n81829 M\u00fcnchen<br \/>\nDeutschland<br \/>\nE-Mailadresse: info@anderl.or.at<br \/>\n<\/span><\/p>\n<h2>Online-Haftungsausschluss<\/h2>\n<h3>1. Inhalt<\/h3>\n<p>Der Autor \u00fcbernimmt keine Verantwortung f\u00fcr die Aktualit\u00e4t, Richtigkeit, Vollst\u00e4ndigkeit oder Qualit\u00e4t der gelieferten Informationen. Daher werden Haftungsforderungen in Bezug auf Sch\u00e4den, die durch die Nutzung der gelieferten Informationen, einschlie\u00dflich jeglicher Art von Informationen, die unvollst\u00e4ndig oder unrichtig sind, verursacht werden, zur\u00fcckgewiesen. Alle Angebote sind unverbindlich und begr\u00fcnden keine Verpflichtung. Teile der Seiten oder die gesamte Publikation, einschlie\u00dflich aller Angebote und Informationen, k\u00f6nnen vom Autor jederzeit ohne vorherige Ank\u00fcndigung erweitert, ge\u00e4ndert oder teilweise oder ganz gel\u00f6scht werden.<\/p>\n<h3>2. Weiterleitungen und Verkn\u00fcpfungen<\/h3>\n<p>Der Autor ist nicht verantwortlich f\u00fcr verkn\u00fcpfte (verlinkte) oder von seinen Seiten weitergeleitete Inhalte \u2013 es sei denn er hat volle Kenntnis \u00fcber unerlaubte Inhalte und w\u00e4re in der Lage, die Besucher seiner Site an der Betrachtung dieser Seiten zu hindern. Bei Sch\u00e4den, die durch die Nutzung der dort dargebotenen Informationen entstehen sollten, darf nur der Autor der jeweiligen Seiten haftbar gemacht werden, nicht die Person, die die Verkn\u00fcpfung zu diesen Seiten hergestellt hat. Weiterhin ist der Autor nicht haftbar f\u00fcr etwaige Eintr\u00e4ge oder Nachrichten, die von Nutzern der auf seiner Seite angebotenen Diskussionsrunden, G\u00e4steb\u00fccher oder Mailinglisten ver\u00f6ffentlicht werden.<\/p>\n<h3>3. Copyright<\/h3>\n<p>Der Autor beabsichtigte, kein copyrightgesch\u00fctztes Material f\u00fcr die Publikation zu verwenden, oder, falls dies nicht m\u00f6glich ist, das Copyright des jeweiligen Objekts anzugeben.<\/p>\n<p>Das Copyright f\u00fcr s\u00e4mtliches vom Autor erstelltes Material ist vorbehalten. Jegliche Vervielf\u00e4ltigung oder Verwendung von Objekten wie Schaubildern, T\u00f6nen oder Texten in anderen elektronischen oder gedruckten Publikationen ist ohne die Zustimmung des Autors nicht gestattet.<\/p>\n<h3>4. Datenschutz<\/h3>\n<p>Soweit die M\u00f6glichkeit zur Eingabe pers\u00f6nlicher oder gesch\u00e4ftlicher Daten (E-Mail-Adresse, Name, Anschrift) gegeben ist, erfolgt die Eingabe dieser Daten freiwillig. Die Nutzung und Zahlung aller angebotenen Dienstleistungen ist \u2013 wenn und soweit technisch m\u00f6glich und angemessen \u2013 ohne Angabe pers\u00f6nlicher Daten oder unter Angabe anonymisierter Daten oder eines Alias gestattet.<\/p>\n<h3>5. Rechtliche G\u00fcltigkeit dieses Haftungsausschlusses<\/h3>\n<p>Dieser Haftungsausschluss ist als Teil der Internet-Publikation zu betrachten, von der Sie weitergeleitet wurden. Sollten Abschnitte oder einzelne Bedingungen dieser Erkl\u00e4rung nicht rechtm\u00e4\u00dfig oder richtig sein, so bleibt der Inhalt oder die G\u00fcltigkeit der \u00fcbrigen Teile davon unber\u00fchrt.<\/p>","protected":false},"excerpt":{"rendered":"<p>Verantwortlicher Bernhard Morell Erika-Cremer-Str. 11 81829 M\u00fcnchen Deutschland E-Mailadresse: info@anderl.or.at Online-Haftungsausschluss 1. Inhalt Der Autor \u00fcbernimmt keine Verantwortung f\u00fcr die Aktualit\u00e4t, Richtigkeit, Vollst\u00e4ndigkeit oder Qualit\u00e4t der gelieferten Informationen. Daher werden Haftungsforderungen in Bezug auf Sch\u00e4den, die durch die Nutzung der gelieferten Informationen, einschlie\u00dflich jeglicher Art von Informationen, die unvollst\u00e4ndig oder unrichtig sind, verursacht werden, zur\u00fcckgewiesen. &hellip; <\/p>\n<p class=\"read-more\"><a class=\"btn btn-default\" href=\"https:\/\/www.anderl.or.at\/?page_id=622\"> Read More<span class=\"screen-reader-text\">  Read More<\/span><\/a><\/p>\n","protected":false},"author":1,"featured_media":0,"parent":0,"menu_order":0,"comment_status":"closed","ping_status":"closed","template":"","meta":{"footnotes":""},"class_list":["post-622","page","type-page","status-publish","hentry"],"_links":{"self":[{"href":"https:\/\/www.anderl.or.at\/index.php?rest_route=\/wp\/v2\/pages\/622","targetHints":{"allow":["GET"]}}],"collection":[{"href":"https:\/\/www.anderl.or.at\/index.php?rest_route=\/wp\/v2\/pages"}],"about":[{"href":"https:\/\/www.anderl.or.at\/index.php?rest_route=\/wp\/v2\/types\/page"}],"author":[{"embeddable":true,"href":"https:\/\/www.anderl.or.at\/index.php?rest_route=\/wp\/v2\/users\/1"}],"replies":[{"embeddable":true,"href":"https:\/\/www.anderl.or.at\/index.php?rest_route=%2Fwp%2Fv2%2Fcomments&post=622"}],"version-history":[{"count":6,"href":"https:\/\/www.anderl.or.at\/index.php?rest_route=\/wp\/v2\/pages\/622\/revisions"}],"predecessor-version":[{"id":985,"href":"https:\/\/www.anderl.or.at\/index.php?rest_route=\/wp\/v2\/pages\/622\/revisions\/985"}],"wp:attachment":[{"href":"https:\/\/www.anderl.or.at\/index.php?rest_route=%2Fwp%2Fv2%2Fmedia&parent=622"}],"curies":[{"name":"wp","href":"https:\/\/api.w.org\/{rel}","templated":true}]}}